{"id":998,"date":"2023-07-14T16:12:21","date_gmt":"2023-07-14T14:12:21","guid":{"rendered":"https:\/\/erasmusxxi.eu\/?page_id=998"},"modified":"2023-07-14T16:12:21","modified_gmt":"2023-07-14T14:12:21","slug":"uber-mich","status":"publish","type":"page","link":"https:\/\/erasmusxxi.eu\/index.php\/de\/uber-mich\/","title":{"rendered":"\u00dcber mich"},"content":{"rendered":"\n<p>Dass Erasmus&#8217; Ansichten auch in diesem Jahrhundert noch so aktuell sind, war mir vorher nicht bewusst. Das habe ich jetzt herausgefunden, wo ich mich in seine Ansichten vertiefe. Und ich entdecke auch, dass ich nicht der Einzige bin, der sich Erasmianer nennt, ohne zu verstehen, wie wertvoll sein Verm\u00e4chtnis f\u00fcr uns sein kann.<\/p>\n\n\n\n<p>Mein Sohn fragte mich einmal beim Fr\u00fchst\u00fcck, was ich nach meiner Pensionierung machen w\u00fcrde. Er schlug vor, nach einer ber\u00fchmten Person Rad zu fahren. Da habe ich &#8211; als ehemaliger Student der Erasmianer Gymnasium, ehemaliger Mitarbeiter der Erasmus-Universit\u00e4t und Erasmus-Austauschdozent &#8211; sofort an Erasmus gedacht, und so war die Idee von Erasmus XXI geboren.<\/p>\n\n\n\n<p>Erasmus lebte vor f\u00fcnf Jahrhunderten, aber seine Ideen \u00fcber ein verantwortungsvolles Leben sind auch heute noch aktuell und inspirieren mich. Ich besuche Schulen in Europa, die eine Verbindung zu Erasmus haben, um diese Inspiration weiterzugeben.<\/p>\n\n\n\n<p class=\"has-larger-font-size\"><strong>Erasmianisch Gymnasium<\/strong><\/p>\n\n\n\n<figure class=\"wp-block-image alignwide size-full\"><img loading=\"lazy\" decoding=\"async\" width=\"784\" height=\"562\" src=\"https:\/\/erasmusxxi.eu\/wp-content\/uploads\/2022\/02\/5beta1972.jpeg\" alt=\"\" class=\"wp-image-91\" srcset=\"https:\/\/erasmusxxi.eu\/wp-content\/uploads\/2022\/02\/5beta1972.jpeg 784w, https:\/\/erasmusxxi.eu\/wp-content\/uploads\/2022\/02\/5beta1972-300x215.jpeg 300w, https:\/\/erasmusxxi.eu\/wp-content\/uploads\/2022\/02\/5beta1972-768x551.jpeg 768w\" sizes=\"auto, (max-width: 784px) 100vw, 784px\" \/><figcaption class=\"wp-element-caption\">Bild der 5 beta von 1972 mit unserer Klassenlehrer und der Erasmus-Statue (Foto: Kannegieter); ich sitze vorne, vierter von links<\/figcaption><\/figure>\n\n\n\n<p>An den Samstagen hatten wir noch Schule am Erasmianischen Gymnasium. Sechs Jahre lang ging ich also an der Statue des Namensgebers unseres Gymnasiums, Desiderius Erasmus, vorbei, und zwar alle Schulwochen an sechs Tagen in der Woche. Die Statue, ein Polyesterabguss der Skulptur von Hendrik de Keyzer aus dem Jahr 1622, war offenbar f\u00fcr das Klassenfoto von 1972 nach drau\u00dfen gefahren worden, um als Kulisse zu dienen.<\/p>\n\n\n\n<p>Wir hatten einen Lehrer f\u00fcr klassische Sprachen, Van der Blom, der ein echter Erasmus-Enthusiast war; die letzte Stunde vor den Ferien verbrachte er immer mit etwas &#8216;Lustigem&#8217;, dann \u00fcbersetzten wir nicht Homer, sondern lasen etwas von oder \u00fcber Erasmus. Ich gebe zu, dass ich nicht immer sehr interessiert war, aber ich habe gelernt, dass Erasmus es verdient, nachgefolgt zu werden, vor allem wegen seines sch\u00f6nen Lateins und weil er ein Humanist war, was eine andere Art von Humanismus war als der heutige.<\/p>\n\n\n\n<p class=\"has-larger-font-size\"><strong>Erasmus-universit\u00e4t<\/strong><\/p>\n\n\n\n<div class=\"wp-block-columns is-layout-flex wp-container-core-columns-is-layout-9d6595d7 wp-block-columns-is-layout-flex\">\n<div class=\"wp-block-column is-layout-flow wp-block-column-is-layout-flow\">\n<figure class=\"wp-block-image size-large\"><img loading=\"lazy\" decoding=\"async\" width=\"694\" height=\"1024\" src=\"https:\/\/erasmusxxi.eu\/wp-content\/uploads\/2022\/02\/erasmusEUR21-694x1024.jpg\" alt=\"\" class=\"wp-image-93\" srcset=\"https:\/\/erasmusxxi.eu\/wp-content\/uploads\/2022\/02\/erasmusEUR21-694x1024.jpg 694w, https:\/\/erasmusxxi.eu\/wp-content\/uploads\/2022\/02\/erasmusEUR21-203x300.jpg 203w, https:\/\/erasmusxxi.eu\/wp-content\/uploads\/2022\/02\/erasmusEUR21-768x1133.jpg 768w, https:\/\/erasmusxxi.eu\/wp-content\/uploads\/2022\/02\/erasmusEUR21.jpg 992w\" sizes=\"auto, (max-width: 694px) 100vw, 694px\" \/><figcaption class=\"wp-element-caption\"><em>Desiderius Multiplex (eigenes Foto)<\/em><\/figcaption><\/figure>\n<\/div>\n\n\n\n<div class=\"wp-block-column is-layout-flow wp-block-column-is-layout-flow\">\n<p>Um das Jahr 2000 arbeitete ich mehrere Jahre an der Fakult\u00e4t f\u00fcr Betriebswirtschaft der Erasmus-Universit\u00e4t. Nach der erfolgreichen Verteidigung ihrer Abschlussarbeit lie\u00dfen sich die frischgebackenen Absolventen mit Champagner und Blumen in der N\u00e4he einer Erasmus-Statue fotografieren, einer weiteren Kopie von De Keyzers Skulptur. Im Jahr 2009 schuf der K\u00fcnstler Gerard Frishert die Skulptur Desiderius Multiplex, die den Abguss ersetzt. Der B\u00fccherstapel, auf dem er steht, entlockt so manchem den Kommentar, dass er froh ist, jetzt mit all den dicken Pillen fertig zu sein.<\/p>\n\n\n\n<p>Ich glaube, die meisten Studenten haben in f\u00fcnf Jahren Studium noch nichts von Erasmus gelesen, bewundern aber vermutlich seine Reiselust und Arbeitsfreude, die ihn so ber\u00fchmt gemacht hat. Und ich habe den Eindruck, dass auch Dozenten und Professoren vor allem wissen, dass Erasmus international orientiert war, aber was er inhaltlich zu sagen hatte, ist vielen unklar.<\/p>\n<\/div>\n<\/div>\n\n\n\n<p class=\"has-larger-font-size\"><strong>Erasmus-Programm<\/strong><\/p>\n\n\n\n<figure class=\"wp-block-image size-large\"><img loading=\"lazy\" decoding=\"async\" width=\"1024\" height=\"567\" src=\"https:\/\/erasmusxxi.eu\/wp-content\/uploads\/2022\/02\/Katowice-2017-okt-met-erasmuslogo-1024x567.jpg\" alt=\"\" class=\"wp-image-94\" srcset=\"https:\/\/erasmusxxi.eu\/wp-content\/uploads\/2022\/02\/Katowice-2017-okt-met-erasmuslogo-1024x567.jpg 1024w, https:\/\/erasmusxxi.eu\/wp-content\/uploads\/2022\/02\/Katowice-2017-okt-met-erasmuslogo-300x166.jpg 300w, https:\/\/erasmusxxi.eu\/wp-content\/uploads\/2022\/02\/Katowice-2017-okt-met-erasmuslogo-768x425.jpg 768w, https:\/\/erasmusxxi.eu\/wp-content\/uploads\/2022\/02\/Katowice-2017-okt-met-erasmuslogo-1536x851.jpg 1536w, https:\/\/erasmusxxi.eu\/wp-content\/uploads\/2022\/02\/Katowice-2017-okt-met-erasmuslogo-2048x1134.jpg 2048w, https:\/\/erasmusxxi.eu\/wp-content\/uploads\/2022\/02\/Katowice-2017-okt-met-erasmuslogo-1560x864.jpg 1560w\" sizes=\"auto, (max-width: 1024px) 100vw, 1024px\" \/><figcaption class=\"wp-element-caption\">Erasmus-Austausch Katowice Oktober 2017 mit Logo; Foto: Andr\u00e9 Woudenberg<\/figcaption><\/figure>\n\n\n\n<p>Von 1978 bis 1979 habe ich im Rahmen eines bilateralen Austauschs ein Jahr lang in Paris Mathematik studiert. Damals gab es noch kein ERASMUS-Programm, so dass die Anrechnung von Studienleistungen nicht m\u00f6glich war. Seit den 1980er Jahren gibt es das, und bis corona bin ich im Rahmen des ERASMUS-Programms ein- bis zweimal pro Jahr von der Fachhochschule Inholland an eine ausl\u00e4ndische Hochschule oder Universit\u00e4t gegangen. Ich habe dann einleitend gesagt, dass ich in Rotterdam geboren bin, genau wie der bekannte Erasmus. Erst dann d\u00e4mmerte es einigen Studenten, dass sich die gesuchte Abk\u00fcrzung des EuRopean Community Action Scheme for the Mobility of University Students auf eine Person bezieht, aber die meisten von ihnen ahnten, dass Erasmus ein Europ\u00e4er avant la lettre war.<\/p>\n\n\n\n<div class=\"wp-block-columns is-layout-flex wp-container-core-columns-is-layout-9d6595d7 wp-block-columns-is-layout-flex\">\n<div class=\"wp-block-column is-layout-flow wp-block-column-is-layout-flow\" style=\"flex-basis:33.33%\">\n<figure class=\"wp-block-image size-full\"><img loading=\"lazy\" decoding=\"async\" width=\"178\" height=\"82\" src=\"https:\/\/erasmusxxi.eu\/wp-content\/uploads\/2022\/02\/Oorspronkelijk-logo-Erasmusprogramma-Wielemans-1991.png\" alt=\"\" class=\"wp-image-95\"\/><\/figure>\n<\/div>\n\n\n\n<div class=\"wp-block-column is-layout-flow wp-block-column-is-layout-flow\" style=\"flex-basis:66.66%\">\n<p><sub><em>Urspr\u00fcngliches Logo des Erasmus-Programms (Wielemans, 1<\/em>991)<\/sub><\/p>\n<\/div>\n<\/div>\n\n\n\n<p>Diese Namensgebung ist, wie Wielemans (Erasmus assessing ERASMUS, 1991) feststellt, eher zweideutig zustande gekommen: Bei der Vorstellung des ERASMUS-Programms erw\u00e4hnt die Europ\u00e4ische Kommission Desiderius Erasmus an keiner Stelle im Text, verwendet aber sein Bildnis als ihr Logo. Alan Smith, damals verantwortlich f\u00fcr das Austauschprogramm, soll den Namen unter der Dusche gepr\u00e4gt haben, inspiriert von Erasmus als grenz\u00fcberschreitendem europ\u00e4ischen Universalgelehrten (30 Jahre Erasmus: &#8220;Man verliebt sich nicht in einen Binnenmarkt&#8221;, DAAD, 18. September 2017).<\/p>\n\n\n\n<p class=\"has-larger-font-size\"><strong> Abschiedsvorlesung: Erasmus \u00fcber nachhaltige Wirtschaft<\/strong><\/p>\n\n\n\n<figure class=\"wp-block-image size-full\"><a href=\"https:\/\/erasmusxxi.eu\/index.php\/afscheidscollege\/\"><img loading=\"lazy\" decoding=\"async\" width=\"960\" height=\"720\" src=\"https:\/\/erasmusxxi.eu\/wp-content\/uploads\/2022\/03\/0.-afscheidscollege-Pieter-8-april-2022.jpg\" alt=\"\" class=\"wp-image-261\" srcset=\"https:\/\/erasmusxxi.eu\/wp-content\/uploads\/2022\/03\/0.-afscheidscollege-Pieter-8-april-2022.jpg 960w, https:\/\/erasmusxxi.eu\/wp-content\/uploads\/2022\/03\/0.-afscheidscollege-Pieter-8-april-2022-300x225.jpg 300w, https:\/\/erasmusxxi.eu\/wp-content\/uploads\/2022\/03\/0.-afscheidscollege-Pieter-8-april-2022-768x576.jpg 768w\" sizes=\"auto, (max-width: 960px) 100vw, 960px\" \/><\/a><\/figure>\n\n\n\n<p> <\/p>\n\n\n\n<p class=\"has-larger-font-size\"> <strong>Curriculum vitae<\/strong><\/p>\n\n\n\n<p class=\"has-regular-font-size\"><strong>Pieter van der Hoeven<\/strong><\/p>\n\n\n\n<ul class=\"wp-block-list\">\n<li>1955: Geboren in<strong> <\/strong>Rotterdam<\/li>\n\n\n\n<li>1967-1973: Gymnasium Erasmianum<\/li>\n\n\n\n<li>1973-1983: Studium der Mathematik an der Universit\u00e4t Leiden (und Paris); Promotion 1983<\/li>\n\n\n\n<li>1983-2000: Hoogovens Staal (jetzt Tata Steel Niederlande): Organisationsberater, Logistikleiter<\/li>\n\n\n\n<li>2000-2002: Universit\u00e4tsdozent an der Fakult\u00e4t f\u00fcr Betriebswirtschaft der Erasmus-Universit\u00e4t<\/li>\n\n\n\n<li>2002-2005: Dozent f\u00fcr Mathematik in der Sekundarstufe<\/li>\n\n\n\n<li>2005-2022: Fachhochschule Inholland: Dozent und Lehrbeauftragter f\u00fcr Finanzen (Geld verdienen in der nachhaltigen Wirtschaft), ERASMUS-Dozent Berlin, Bonn, Katowice, Lyon, Osnabr\u00fcck, Troyes.<\/li>\n\n\n\n<li>seit 2022: Erasmi Alumnus<\/li>\n<\/ul>\n\n\n\n<p><a href=\"https:\/\/www.linkedin.com\/in\/pieter-van-der-hoeven-9a1a8517\/\" target=\"_blank\" rel=\"noreferrer noopener\">LinkedIn-profiel<\/a><\/p>\n","protected":false},"excerpt":{"rendered":"<p>Dass Erasmus&#8217; Ansichten auch in diesem Jahrhundert noch so aktuell sind, war mir vorher nicht bewusst. Das habe ich jetzt herausgefunden, wo ich mich in seine Ansichten vertiefe. Und ich entdecke auch, dass ich nicht der Einzige bin, der sich Erasmianer nennt, ohne zu verstehen, wie wertvoll sein Verm\u00e4chtnis f\u00fcr uns sein kann. Mein Sohn&hellip; <\/p>\n<div class=\"readmore-wrapper\"><a href=\"https:\/\/erasmusxxi.eu\/index.php\/de\/uber-mich\/\" class=\"more-link\">Lees <\/a><\/div>\n","protected":false},"author":1,"featured_media":0,"parent":0,"menu_order":0,"comment_status":"closed","ping_status":"closed","template":"","meta":{"footnotes":""},"class_list":["post-998","page","type-page","status-publish","hentry"],"_links":{"self":[{"href":"https:\/\/erasmusxxi.eu\/index.php\/wp-json\/wp\/v2\/pages\/998","targetHints":{"allow":["GET"]}}],"collection":[{"href":"https:\/\/erasmusxxi.eu\/index.php\/wp-json\/wp\/v2\/pages"}],"about":[{"href":"https:\/\/erasmusxxi.eu\/index.php\/wp-json\/wp\/v2\/types\/page"}],"author":[{"embeddable":true,"href":"https:\/\/erasmusxxi.eu\/index.php\/wp-json\/wp\/v2\/users\/1"}],"replies":[{"embeddable":true,"href":"https:\/\/erasmusxxi.eu\/index.php\/wp-json\/wp\/v2\/comments?post=998"}],"version-history":[{"count":1,"href":"https:\/\/erasmusxxi.eu\/index.php\/wp-json\/wp\/v2\/pages\/998\/revisions"}],"predecessor-version":[{"id":999,"href":"https:\/\/erasmusxxi.eu\/index.php\/wp-json\/wp\/v2\/pages\/998\/revisions\/999"}],"wp:attachment":[{"href":"https:\/\/erasmusxxi.eu\/index.php\/wp-json\/wp\/v2\/media?parent=998"}],"curies":[{"name":"wp","href":"https:\/\/api.w.org\/{rel}","templated":true}]}}