{"id":465,"date":"2022-07-22T16:15:49","date_gmt":"2022-07-22T14:15:49","guid":{"rendered":"https:\/\/erasmusxxi.eu\/?page_id=465"},"modified":"2022-11-16T14:16:14","modified_gmt":"2022-11-16T13:16:14","slug":"a-propos-derasme","status":"publish","type":"page","link":"https:\/\/erasmusxxi.eu\/index.php\/fr\/a-propos-derasme\/","title":{"rendered":"\u00c0 propos d&#8217;\u00c9rasme"},"content":{"rendered":"\n<figure class=\"wp-block-image size-large\"><img loading=\"lazy\" decoding=\"async\" width=\"1024\" height=\"575\" src=\"https:\/\/erasmusxxi.eu\/wp-content\/uploads\/2022\/02\/boeken-1024x575.jpg\" alt=\"\" class=\"wp-image-191\" srcset=\"https:\/\/erasmusxxi.eu\/wp-content\/uploads\/2022\/02\/boeken-1024x575.jpg 1024w, https:\/\/erasmusxxi.eu\/wp-content\/uploads\/2022\/02\/boeken-300x169.jpg 300w, https:\/\/erasmusxxi.eu\/wp-content\/uploads\/2022\/02\/boeken-768x431.jpg 768w, https:\/\/erasmusxxi.eu\/wp-content\/uploads\/2022\/02\/boeken-1536x863.jpg 1536w, https:\/\/erasmusxxi.eu\/wp-content\/uploads\/2022\/02\/boeken-2048x1150.jpg 2048w, https:\/\/erasmusxxi.eu\/wp-content\/uploads\/2022\/02\/boeken-1560x876.jpg 1560w\" sizes=\"auto, (max-width: 1024px) 100vw, 1024px\" \/><\/figure>\n\n\n\n<p>De nombreux ouvrages ont \u00e9t\u00e9 publi\u00e9s sur \u00c9rasme et \u00c9rasme lui-m\u00eame a beaucoup \u00e9crit. Je n&#8217;ai pas l&#8217;intention d&#8217;en ajouter beaucoup, car je m&#8217;int\u00e9resse \u00e0 l&#8217;h\u00e9ritage qu&#8217;il a laiss\u00e9 \u00e0 ses \u00e9tudiants. Mais il est \u00e9galement bon de conna\u00eetre \u00c9rasme lui-m\u00eame. Voici mes sources.<\/p>\n\n\n\n<p>Outre toutes sortes de publications sur les activit\u00e9s sp\u00e9cifiques d&#8217;\u00c9rasme, de nombreuses biographies ont \u00e9t\u00e9 publi\u00e9es \u00e0 son sujet. \u00c9rasme lui-m\u00eame a \u00e9crit une courte autobiographie pour son \u00e9poque. Pierre Bayle lui a consacr\u00e9 une longue entr\u00e9e dans son encyclop\u00e9die. Le Dr. Rev. H.J. Toxopeus est mon grand-p\u00e8re. Ma biographie pr\u00e9f\u00e9r\u00e9e est celle de Zweig (1934) comme il d\u00e9crit l&#8217;humanisme d&#8217;\u00c9rasme comme un empire de paix et de raison, et comme le pr\u00e9sage d&#8217;une future Europe unie dans la culture et la civilisation. <\/p>\n\n\n\n<p>Je mentionnerai un certain nombre d&#8217;ouvrages que j&#8217;ai lus moi-m\u00eame (par ordre chronologique) :<\/p>\n\n\n\n<ul class=\"wp-block-list\">\n<li>\u00c9rasme (1524) <em>Compendium vitae<\/em><\/li>\n\n\n\n<li>P. Bayle (1697) <em>Erasme <\/em>in <em>Dictionaire historique et critique<\/em><\/li>\n\n\n\n<li>C. Busken Huet (1882) <em>Erasmus <\/em>in <em>Land van Rembrandt<\/em><\/li>\n\n\n\n<li>H.J. Toxopeus (1913) <em>Erasmus<\/em><\/li>\n\n\n\n<li>P.S. Allen (1914) <em>The age of Erasmus<\/em><\/li>\n\n\n\n<li>J. Huizinga (1924) <em>Erasmus<\/em><\/li>\n\n\n\n<li>S. Zweig (1934) <em>Triumph und Tragik des Erasmus von Rotterdam<\/em><\/li>\n\n\n\n<li>M. Bataillon (1937) <em>Erasme et l&#8217;Espagne<\/em><\/li>\n\n\n\n<li>J. et A. Verschoor (1938) <em>Erasmus <\/em>in <em>Erflaters van onze beschaving<\/em><\/li>\n\n\n\n<li>M.A. Nauwelaerts (1969) <em>Erasmus<\/em><\/li>\n\n\n\n<li>L.E. Halkin (1987) <em>Erasme<\/em><\/li>\n\n\n\n<li>S. Langereis (2021) <em>Erasmus dwarsdenker<\/em><\/li>\n<\/ul>\n\n\n\n<p class=\"has-larger-font-size\">Oeuvres d&#8217;\u00c9rasme<\/p>\n\n\n\n<p>\u00c9rasme a pleinement utilis\u00e9 la nouvelle technique d&#8217;impression des livres. Son Compedium vitae (voir ci-dessus) est exceptionnellement concis. Je n&#8217;ai pas tout lu de lui, loin de l\u00e0, mais j&#8217;en ai lu (des parties) :<\/p>\n\n\n\n<ul class=\"wp-block-list\">\n<li>Compendium vitae<\/li>\n\n\n\n<li>Laus stultitiae \/ \u00c9loge de la folie<\/li>\n\n\n\n<li>Lettres<\/li>\n\n\n\n<li>Colloquia \/ Colloques<\/li>\n\n\n\n<li>De civilitate morum puerilium \/ La civilit\u00e9 pu\u00e9rile<\/li>\n\n\n\n<li>Querela pacis \/ Plainte de la paix<\/li>\n\n\n\n<li>Adagia (scl Dulce bellum inexpertis) \/ Adages (nomm\u00e9ment La guerre douce pour ceux qui ne la connaissent pas)<\/li>\n\n\n\n<li>De bello Turcis inferendo \/ Concernant la guerre avec les Turcs<\/li>\n\n\n\n<li>Enchiridion militis christiani \/ Manuel du guerrier chr\u00e9tien<\/li>\n\n\n\n<li>De libero arbitrio \/ Sur le libre arbitre<\/li>\n\n\n\n<li>Paraclesis \/ Introduction \u00e0 son \u00e9tude biblique<\/li>\n\n\n\n<li>Encomium artis medicae \/ \u00c9loge de la m\u00e9decine<\/li>\n<\/ul>\n","protected":false},"excerpt":{"rendered":"<p>De nombreux ouvrages ont \u00e9t\u00e9 publi\u00e9s sur \u00c9rasme et \u00c9rasme lui-m\u00eame a beaucoup \u00e9crit. Je n&#8217;ai pas l&#8217;intention d&#8217;en ajouter beaucoup, car je m&#8217;int\u00e9resse \u00e0 l&#8217;h\u00e9ritage qu&#8217;il a laiss\u00e9 \u00e0 ses \u00e9tudiants. Mais il est \u00e9galement bon de conna\u00eetre \u00c9rasme lui-m\u00eame. Voici mes sources. Outre toutes sortes de publications sur les activit\u00e9s sp\u00e9cifiques d&#8217;\u00c9rasme, de&hellip; <\/p>\n<div class=\"readmore-wrapper\"><a href=\"https:\/\/erasmusxxi.eu\/index.php\/fr\/a-propos-derasme\/\" class=\"more-link\">Lees <\/a><\/div>\n","protected":false},"author":1,"featured_media":0,"parent":0,"menu_order":0,"comment_status":"closed","ping_status":"closed","template":"","meta":{"footnotes":""},"class_list":["post-465","page","type-page","status-publish","hentry"],"_links":{"self":[{"href":"https:\/\/erasmusxxi.eu\/index.php\/wp-json\/wp\/v2\/pages\/465","targetHints":{"allow":["GET"]}}],"collection":[{"href":"https:\/\/erasmusxxi.eu\/index.php\/wp-json\/wp\/v2\/pages"}],"about":[{"href":"https:\/\/erasmusxxi.eu\/index.php\/wp-json\/wp\/v2\/types\/page"}],"author":[{"embeddable":true,"href":"https:\/\/erasmusxxi.eu\/index.php\/wp-json\/wp\/v2\/users\/1"}],"replies":[{"embeddable":true,"href":"https:\/\/erasmusxxi.eu\/index.php\/wp-json\/wp\/v2\/comments?post=465"}],"version-history":[{"count":2,"href":"https:\/\/erasmusxxi.eu\/index.php\/wp-json\/wp\/v2\/pages\/465\/revisions"}],"predecessor-version":[{"id":639,"href":"https:\/\/erasmusxxi.eu\/index.php\/wp-json\/wp\/v2\/pages\/465\/revisions\/639"}],"wp:attachment":[{"href":"https:\/\/erasmusxxi.eu\/index.php\/wp-json\/wp\/v2\/media?parent=465"}],"curies":[{"name":"wp","href":"https:\/\/api.w.org\/{rel}","templated":true}]}}

À propos d&#8217;Érasme

<figure class="wp-block-image size-large"><img loading="lazy" decoding="async" width="1024" height="575" src="https://erasmusxxi.eu/wp-content/uploads/2022/02/boeken-1024x575.jpg" alt="" class="wp-image-191" srcset="https://erasmusxxi.eu/wp-content/uploads/2022/02/boeken-1024x575.jpg 1024w, https://erasmusxxi.eu/wp-content/uploads/2022/02/boeken-300x169.jpg 300w, https://erasmusxxi.eu/wp-content/uploads/2022/02/boeken-768x431.jpg 768w, https://erasmusxxi.eu/wp-content/uploads/2022/02/boeken-1536x863.jpg 1536w, https://erasmusxxi.eu/wp-content/uploads/2022/02/boeken-2048x1150.jpg 2048w, https://erasmusxxi.eu/wp-content/uploads/2022/02/boeken-1560x876.jpg 1560w" sizes="auto, (max-width: 1024px) 100vw, 1024px" /></figure>



<p>De nombreux ouvrages ont été publiés sur Érasme et Érasme lui-même a beaucoup écrit. Je n&#8217;ai pas l&#8217;intention d&#8217;en ajouter beaucoup, car je m&#8217;intéresse à l&#8217;héritage qu&#8217;il a laissé à ses étudiants. Mais il est également bon de connaître Érasme lui-même. Voici mes sources.</p>



<p>Outre toutes sortes de publications sur les activités spécifiques d&#8217;Érasme, de nombreuses biographies ont été publiées à son sujet. Érasme lui-même a écrit une courte autobiographie pour son époque. Pierre Bayle lui a consacré une longue entrée dans son encyclopédie. Le Dr. Rev. H.J. Toxopeus est mon grand-père. Ma biographie préférée est celle de Zweig (1934) comme il décrit l&#8217;humanisme d&#8217;Érasme comme un empire de paix et de raison, et comme le présage d&#8217;une future Europe unie dans la culture et la civilisation. </p>



<p>Je mentionnerai un certain nombre d&#8217;ouvrages que j&#8217;ai lus moi-même (par ordre chronologique) :</p>



<ul class="wp-block-list">
<li>Érasme (1524) <em>Compendium vitae</em></li>



<li>P. Bayle (1697) <em>Erasme </em>in <em>Dictionaire historique et critique</em></li>



<li>C. Busken Huet (1882) <em>Erasmus </em>in <em>Land van Rembrandt</em></li>



<li>H.J. Toxopeus (1913) <em>Erasmus</em></li>



<li>P.S. Allen (1914) <em>The age of Erasmus</em></li>



<li>J. Huizinga (1924) <em>Erasmus</em></li>



<li>S. Zweig (1934) <em>Triumph und Tragik des Erasmus von Rotterdam</em></li>



<li>M. Bataillon (1937) <em>Erasme et l&#8217;Espagne</em></li>



<li>J. et A. Verschoor (1938) <em>Erasmus </em>in <em>Erflaters van onze beschaving</em></li>



<li>M.A. Nauwelaerts (1969) <em>Erasmus</em></li>



<li>L.E. Halkin (1987) <em>Erasme</em></li>



<li>S. Langereis (2021) <em>Erasmus dwarsdenker</em></li>
</ul>



<p class="has-larger-font-size">Oeuvres d&#8217;Érasme</p>



<p>Érasme a pleinement utilisé la nouvelle technique d&#8217;impression des livres. Son Compedium vitae (voir ci-dessus) est exceptionnellement concis. Je n&#8217;ai pas tout lu de lui, loin de là, mais j&#8217;en ai lu (des parties) :</p>



<ul class="wp-block-list">
<li>Compendium vitae</li>



<li>Laus stultitiae / Éloge de la folie</li>



<li>Lettres</li>



<li>Colloquia / Colloques</li>



<li>De civilitate morum puerilium / La civilité puérile</li>



<li>Querela pacis / Plainte de la paix</li>



<li>Adagia (scl Dulce bellum inexpertis) / Adages (nommément La guerre douce pour ceux qui ne la connaissent pas)</li>



<li>De bello Turcis inferendo / Concernant la guerre avec les Turcs</li>



<li>Enchiridion militis christiani / Manuel du guerrier chrétien</li>



<li>De libero arbitrio / Sur le libre arbitre</li>



<li>Paraclesis / Introduction à son étude biblique</li>



<li>Encomium artis medicae / Éloge de la médecine</li>
</ul>

<p>De nombreux ouvrages ont été publiés sur Érasme et Érasme lui-même a beaucoup écrit. Je n&#8217;ai pas l&#8217;intention d&#8217;en ajouter beaucoup, car je m&#8217;intéresse à l&#8217;héritage qu&#8217;il a laissé à ses étudiants. Mais il est également bon de connaître Érasme lui-même. Voici mes sources. Outre toutes sortes de publications sur les activités spécifiques d&#8217;Érasme, de&hellip; </p>
<div class="readmore-wrapper"><a href="https://erasmusxxi.eu/index.php/fr/a-propos-derasme/" class="more-link">Lees </a></div>
