{"id":454,"date":"2022-07-22T15:52:45","date_gmt":"2022-07-22T13:52:45","guid":{"rendered":"https:\/\/erasmusxxi.eu\/index.php\/erasmus-in-de-21e-eeuw-francais\/"},"modified":"2023-11-20T11:02:52","modified_gmt":"2023-11-20T10:02:52","slug":"erasme-au-21eme-siecle","status":"publish","type":"page","link":"https:\/\/erasmusxxi.eu\/index.php\/fr\/erasme-au-21eme-siecle\/","title":{"rendered":"\u00c9rasme au 21-\u00e8me si\u00e8cle"},"content":{"rendered":"\n<p>Il y a cinq si\u00e8cles, \u00c9rasme traversait l&#8217;Europe \u00e0 cheval, d&#8217;abord en tant que tuteur pour les jeunes, puis comme la boussole morale de l&#8217;\u00e9lite europ\u00e9enne bien \u00e9lev\u00e9e : il \u00e9tait l&#8217;avocat de la paix et de la raison, non seulement en paroles mais surtout en actes, ouvrant ainsi la voie \u00e0 un monde plus juste et \u00e0 un peuple plus heureux.<\/p>\n\n\n\n<p>Il est donc tout \u00e0 fait appropri\u00e9 que des dizaines d&#8217;\u00e9coles, d&#8217;\u00e9tablissements d&#8217;enseignement sup\u00e9rieur et d&#8217;universit\u00e9s en des villes qu&#8217;il a visit\u00e9es, soient fiers d&#8217;emprunter son nom, aux Pays-Bas et ailleurs en Europe, de Rotterdam \u00e0 Rome, de Mayence \u00e0 Madrid (bienque \u00c9rasme n&#8217;ait jamais \u00e9t\u00e9 en Espagne). Aujourd&#8217;hui, au XXI\u00e8me si\u00e8cle, les jeunes sont plus nombreux que jamais \u00e0 recevoir une \u00e9ducation et, m\u00eame si les questions \u00e9thiques d&#8217;aujourd&#8217;hui sont diff\u00e9rentes de celles de l&#8217;\u00e9poque d&#8217;\u00c9rasme, un professeur de morale et une boussole sont toujours pr\u00e9cieux. Qu&#8217;apprennent les \u00e9l\u00e8ves d&#8217;aujourd&#8217;hui sur \u00c9rasme et ses id\u00e9aux ?<\/p>\n\n\n\n<figure class=\"wp-block-image alignwide size-large is-style-default\"><img loading=\"lazy\" decoding=\"async\" width=\"1024\" height=\"575\" src=\"https:\/\/erasmusxxi.eu\/wp-content\/uploads\/2022\/02\/Pieter-voor-Erasmusbrug2-2-1024x575.jpg\" alt=\"\" class=\"wp-image-129\" srcset=\"https:\/\/erasmusxxi.eu\/wp-content\/uploads\/2022\/02\/Pieter-voor-Erasmusbrug2-2-1024x575.jpg 1024w, https:\/\/erasmusxxi.eu\/wp-content\/uploads\/2022\/02\/Pieter-voor-Erasmusbrug2-2-300x168.jpg 300w, https:\/\/erasmusxxi.eu\/wp-content\/uploads\/2022\/02\/Pieter-voor-Erasmusbrug2-2-768x431.jpg 768w, https:\/\/erasmusxxi.eu\/wp-content\/uploads\/2022\/02\/Pieter-voor-Erasmusbrug2-2-1536x863.jpg 1536w, https:\/\/erasmusxxi.eu\/wp-content\/uploads\/2022\/02\/Pieter-voor-Erasmusbrug2-2-2048x1150.jpg 2048w, https:\/\/erasmusxxi.eu\/wp-content\/uploads\/2022\/02\/Pieter-voor-Erasmusbrug2-2-1560x876.jpg 1560w\" sizes=\"auto, (max-width: 1024px) 100vw, 1024px\" \/><\/figure>\n\n\n\n<p>Pour le savoir, j&#8217;enfourche mon v\u00e9lo, mon &#8220;cheval d&#8217;acier&#8221; et je suis \u00c9rasme \u00e0 travers l&#8217;Europe \u00e0 la recherche d&#8217;\u00e9l\u00e8ves ou d&#8217;\u00e9tudiants des \u00e9coles secondaires, universit\u00e9s ou coll\u00e8ges qui portent (en partie) son nom. J&#8217;y verrai quelles id\u00e9es d&#8217;\u00c9rasme on peut retrouver et j&#8217;esp\u00e8re entendre ce que les jeunes d&#8217;aujourd&#8217;hui apprennent sur lui.<\/p>\n\n\n\n<figure class=\"wp-block-image size-large is-resized\"><img loading=\"lazy\" decoding=\"async\" width=\"1024\" height=\"308\" src=\"https:\/\/erasmusxxi.eu\/wp-content\/uploads\/2022\/02\/Hand-met-kompas-smal2-1024x308.jpg\" alt=\"\" class=\"wp-image-132\" style=\"width:840px;height:252px\" srcset=\"https:\/\/erasmusxxi.eu\/wp-content\/uploads\/2022\/02\/Hand-met-kompas-smal2-1024x308.jpg 1024w, https:\/\/erasmusxxi.eu\/wp-content\/uploads\/2022\/02\/Hand-met-kompas-smal2-300x90.jpg 300w, https:\/\/erasmusxxi.eu\/wp-content\/uploads\/2022\/02\/Hand-met-kompas-smal2-768x231.jpg 768w, https:\/\/erasmusxxi.eu\/wp-content\/uploads\/2022\/02\/Hand-met-kompas-smal2-1536x463.jpg 1536w, https:\/\/erasmusxxi.eu\/wp-content\/uploads\/2022\/02\/Hand-met-kompas-smal2-1560x470.jpg 1560w, https:\/\/erasmusxxi.eu\/wp-content\/uploads\/2022\/02\/Hand-met-kompas-smal2.jpg 1614w\" sizes=\"auto, (max-width: 1024px) 100vw, 1024px\" \/><\/figure>\n\n\n\n<p>Je commence \u00e0 Rotterdam, mais je visiterai aussi, par exemple, Bruxelles, Paris, B\u00e2le, Cambridge, Turin et Mayence, et \u00e9ventuellement m\u00eame des villes et des pays o\u00f9 il n&#8217;est jamais all\u00e9, comme Madrid et Vienne :<\/p>\n\n\n\n<p><strong>Erasmus XXI<\/strong><\/p>\n\n\n\n<div class=\"wp-block-columns is-layout-flex wp-container-core-columns-is-layout-9d6595d7 wp-block-columns-is-layout-flex\">\n<div class=\"wp-block-column is-layout-flow wp-block-column-is-layout-flow\">\n<figure class=\"wp-block-image size-large\"><img loading=\"lazy\" decoding=\"async\" width=\"792\" height=\"1024\" src=\"https:\/\/erasmusxxi.eu\/wp-content\/uploads\/2022\/02\/Dures-ets-van-Erasmus-Boijmans-Van-Beuningen-792x1024.jpg\" alt=\"\" class=\"wp-image-218\" srcset=\"https:\/\/erasmusxxi.eu\/wp-content\/uploads\/2022\/02\/Dures-ets-van-Erasmus-Boijmans-Van-Beuningen-792x1024.jpg 792w, https:\/\/erasmusxxi.eu\/wp-content\/uploads\/2022\/02\/Dures-ets-van-Erasmus-Boijmans-Van-Beuningen-232x300.jpg 232w, https:\/\/erasmusxxi.eu\/wp-content\/uploads\/2022\/02\/Dures-ets-van-Erasmus-Boijmans-Van-Beuningen-768x993.jpg 768w, https:\/\/erasmusxxi.eu\/wp-content\/uploads\/2022\/02\/Dures-ets-van-Erasmus-Boijmans-Van-Beuningen-1189x1536.jpg 1189w, https:\/\/erasmusxxi.eu\/wp-content\/uploads\/2022\/02\/Dures-ets-van-Erasmus-Boijmans-Van-Beuningen-1585x2048.jpg 1585w, https:\/\/erasmusxxi.eu\/wp-content\/uploads\/2022\/02\/Dures-ets-van-Erasmus-Boijmans-Van-Beuningen-1560x2016.jpg 1560w, https:\/\/erasmusxxi.eu\/wp-content\/uploads\/2022\/02\/Dures-ets-van-Erasmus-Boijmans-Van-Beuningen-scaled.jpg 1981w\" sizes=\"auto, (max-width: 792px) 100vw, 792px\" \/><figcaption class=\"wp-element-caption\">Albrecht D\u00fcrer; Ets van Erasmus (bron: boijmans.nl)<\/figcaption><\/figure>\n<\/div>\n\n\n\n<div class=\"wp-block-column is-layout-flow wp-block-column-is-layout-flow\">\n<p><strong>Erasmi alumnus<\/strong><\/p>\n\n\n\n<p>En 1526, Albrecht D\u00fcrer r\u00e9alisa une eau-forte \u00e0 l&#8217;effigie d&#8217;\u00c9rasme : Imago Erasmi Roterodami ab Alberto Durero ad vivam effigiem deliniata. Il a aussi \u00e9crit dessus : \u03a4\u0397\u039d . \u039a\u03a1\u0395\u0399\u03a4\u03a4\u03a9 . \u03a4\u0391 . \u03a3\u03a5\u039d\u0393\u03a1\u0391\u039c\u039c\u0391\u03a4\u0391 . \u0394\u0395\u0399\u039e\u0395\u0399 (ses \u00e9crits montrent sa meilleure image). La devise de mon voyage peut donc \u00eatre : \u03a4\u0397\u039d . \u1f08\u03a1\u0399\u03a3\u03a4\u0397\u039d . \u1f49\u0399 . \u039c\u0391\u0398\u0397\u03a4\u0391\u0399 . \u0394\u0395\u0399\u039e\u039f\u03a5\u03a3\u0399\u039d (ses pupilles montrent sa meilleure image).<\/p>\n\n\n\n<p>Les \u00e9l\u00e8ves de Gymnase \u00e9rasmien \u00e0 Rotterdam ont leur propre chanson avec des paroles en latin et en grec, dans laquelle ils affirment \u00eatre Erasmi alumni, \u1f18\u03c1\u03b1\u03c3\u03bc\u03bf\u1fe6 \u03bc\u03b1\u03b8\u03b7\u03c4\u03b1\u03af.<\/p>\n<\/div>\n<\/div>\n\n\n\n<p>Curieux d&#8217;apprendre ce que les id\u00e9es d&#8217;\u00c9rasme peuvent signifier pour l&#8217;Europe de ce si\u00e8cle ? Alors suivez-moi sur mon tour de v\u00e9lo sur le site ou abonnez-vous \u00e0 ma newsletter ci-dessous (en n\u00e9erlandais).<\/p>\n","protected":false},"excerpt":{"rendered":"<p>Il y a cinq si\u00e8cles, \u00c9rasme traversait l&#8217;Europe \u00e0 cheval, d&#8217;abord en tant que tuteur pour les jeunes, puis comme la boussole morale de l&#8217;\u00e9lite europ\u00e9enne bien \u00e9lev\u00e9e : il \u00e9tait l&#8217;avocat de la paix et de la raison, non seulement en paroles mais surtout en actes, ouvrant ainsi la voie \u00e0 un monde plus&hellip; <\/p>\n<div class=\"readmore-wrapper\"><a href=\"https:\/\/erasmusxxi.eu\/index.php\/fr\/erasme-au-21eme-siecle\/\" class=\"more-link\">Lees <\/a><\/div>\n","protected":false},"author":1,"featured_media":0,"parent":0,"menu_order":0,"comment_status":"closed","ping_status":"closed","template":"","meta":{"footnotes":""},"class_list":["post-454","page","type-page","status-publish","hentry"],"_links":{"self":[{"href":"https:\/\/erasmusxxi.eu\/index.php\/wp-json\/wp\/v2\/pages\/454","targetHints":{"allow":["GET"]}}],"collection":[{"href":"https:\/\/erasmusxxi.eu\/index.php\/wp-json\/wp\/v2\/pages"}],"about":[{"href":"https:\/\/erasmusxxi.eu\/index.php\/wp-json\/wp\/v2\/types\/page"}],"author":[{"embeddable":true,"href":"https:\/\/erasmusxxi.eu\/index.php\/wp-json\/wp\/v2\/users\/1"}],"replies":[{"embeddable":true,"href":"https:\/\/erasmusxxi.eu\/index.php\/wp-json\/wp\/v2\/comments?post=454"}],"version-history":[{"count":8,"href":"https:\/\/erasmusxxi.eu\/index.php\/wp-json\/wp\/v2\/pages\/454\/revisions"}],"predecessor-version":[{"id":1150,"href":"https:\/\/erasmusxxi.eu\/index.php\/wp-json\/wp\/v2\/pages\/454\/revisions\/1150"}],"wp:attachment":[{"href":"https:\/\/erasmusxxi.eu\/index.php\/wp-json\/wp\/v2\/media?parent=454"}],"curies":[{"name":"wp","href":"https:\/\/api.w.org\/{rel}","templated":true}]}}

Érasme au 21-ème siècle

<p>Il y a cinq siècles, Érasme traversait l&#8217;Europe à cheval, d&#8217;abord en tant que tuteur pour les jeunes, puis comme la boussole morale de l&#8217;élite européenne bien élevée : il était l&#8217;avocat de la paix et de la raison, non seulement en paroles mais surtout en actes, ouvrant ainsi la voie à un monde plus juste et à un peuple plus heureux.</p>



<p>Il est donc tout à fait approprié que des dizaines d&#8217;écoles, d&#8217;établissements d&#8217;enseignement supérieur et d&#8217;universités en des villes qu&#8217;il a visitées, soient fiers d&#8217;emprunter son nom, aux Pays-Bas et ailleurs en Europe, de Rotterdam à Rome, de Mayence à Madrid (bienque Érasme n&#8217;ait jamais été en Espagne). Aujourd&#8217;hui, au XXIème siècle, les jeunes sont plus nombreux que jamais à recevoir une éducation et, même si les questions éthiques d&#8217;aujourd&#8217;hui sont différentes de celles de l&#8217;époque d&#8217;Érasme, un professeur de morale et une boussole sont toujours précieux. Qu&#8217;apprennent les élèves d&#8217;aujourd&#8217;hui sur Érasme et ses idéaux ?</p>



<figure class="wp-block-image alignwide size-large is-style-default"><img loading="lazy" decoding="async" width="1024" height="575" src="https://erasmusxxi.eu/wp-content/uploads/2022/02/Pieter-voor-Erasmusbrug2-2-1024x575.jpg" alt="" class="wp-image-129" srcset="https://erasmusxxi.eu/wp-content/uploads/2022/02/Pieter-voor-Erasmusbrug2-2-1024x575.jpg 1024w, https://erasmusxxi.eu/wp-content/uploads/2022/02/Pieter-voor-Erasmusbrug2-2-300x168.jpg 300w, https://erasmusxxi.eu/wp-content/uploads/2022/02/Pieter-voor-Erasmusbrug2-2-768x431.jpg 768w, https://erasmusxxi.eu/wp-content/uploads/2022/02/Pieter-voor-Erasmusbrug2-2-1536x863.jpg 1536w, https://erasmusxxi.eu/wp-content/uploads/2022/02/Pieter-voor-Erasmusbrug2-2-2048x1150.jpg 2048w, https://erasmusxxi.eu/wp-content/uploads/2022/02/Pieter-voor-Erasmusbrug2-2-1560x876.jpg 1560w" sizes="auto, (max-width: 1024px) 100vw, 1024px" /></figure>



<p>Pour le savoir, j&#8217;enfourche mon vélo, mon &#8220;cheval d&#8217;acier&#8221; et je suis Érasme à travers l&#8217;Europe à la recherche d&#8217;élèves ou d&#8217;étudiants des écoles secondaires, universités ou collèges qui portent (en partie) son nom. J&#8217;y verrai quelles idées d&#8217;Érasme on peut retrouver et j&#8217;espère entendre ce que les jeunes d&#8217;aujourd&#8217;hui apprennent sur lui.</p>



<figure class="wp-block-image size-large is-resized"><img loading="lazy" decoding="async" width="1024" height="308" src="https://erasmusxxi.eu/wp-content/uploads/2022/02/Hand-met-kompas-smal2-1024x308.jpg" alt="" class="wp-image-132" style="width:840px;height:252px" srcset="https://erasmusxxi.eu/wp-content/uploads/2022/02/Hand-met-kompas-smal2-1024x308.jpg 1024w, https://erasmusxxi.eu/wp-content/uploads/2022/02/Hand-met-kompas-smal2-300x90.jpg 300w, https://erasmusxxi.eu/wp-content/uploads/2022/02/Hand-met-kompas-smal2-768x231.jpg 768w, https://erasmusxxi.eu/wp-content/uploads/2022/02/Hand-met-kompas-smal2-1536x463.jpg 1536w, https://erasmusxxi.eu/wp-content/uploads/2022/02/Hand-met-kompas-smal2-1560x470.jpg 1560w, https://erasmusxxi.eu/wp-content/uploads/2022/02/Hand-met-kompas-smal2.jpg 1614w" sizes="auto, (max-width: 1024px) 100vw, 1024px" /></figure>



<p>Je commence à Rotterdam, mais je visiterai aussi, par exemple, Bruxelles, Paris, Bâle, Cambridge, Turin et Mayence, et éventuellement même des villes et des pays où il n&#8217;est jamais allé, comme Madrid et Vienne :</p>



<p><strong>Erasmus XXI</strong></p>



<div class="wp-block-columns is-layout-flex wp-container-core-columns-is-layout-9d6595d7 wp-block-columns-is-layout-flex">
<div class="wp-block-column is-layout-flow wp-block-column-is-layout-flow">
<figure class="wp-block-image size-large"><img loading="lazy" decoding="async" width="792" height="1024" src="https://erasmusxxi.eu/wp-content/uploads/2022/02/Dures-ets-van-Erasmus-Boijmans-Van-Beuningen-792x1024.jpg" alt="" class="wp-image-218" srcset="https://erasmusxxi.eu/wp-content/uploads/2022/02/Dures-ets-van-Erasmus-Boijmans-Van-Beuningen-792x1024.jpg 792w, https://erasmusxxi.eu/wp-content/uploads/2022/02/Dures-ets-van-Erasmus-Boijmans-Van-Beuningen-232x300.jpg 232w, https://erasmusxxi.eu/wp-content/uploads/2022/02/Dures-ets-van-Erasmus-Boijmans-Van-Beuningen-768x993.jpg 768w, https://erasmusxxi.eu/wp-content/uploads/2022/02/Dures-ets-van-Erasmus-Boijmans-Van-Beuningen-1189x1536.jpg 1189w, https://erasmusxxi.eu/wp-content/uploads/2022/02/Dures-ets-van-Erasmus-Boijmans-Van-Beuningen-1585x2048.jpg 1585w, https://erasmusxxi.eu/wp-content/uploads/2022/02/Dures-ets-van-Erasmus-Boijmans-Van-Beuningen-1560x2016.jpg 1560w, https://erasmusxxi.eu/wp-content/uploads/2022/02/Dures-ets-van-Erasmus-Boijmans-Van-Beuningen-scaled.jpg 1981w" sizes="auto, (max-width: 792px) 100vw, 792px" /><figcaption class="wp-element-caption">Albrecht Dürer; Ets van Erasmus (bron: boijmans.nl)</figcaption></figure>
</div>



<div class="wp-block-column is-layout-flow wp-block-column-is-layout-flow">
<p><strong>Erasmi alumnus</strong></p>



<p>En 1526, Albrecht Dürer réalisa une eau-forte à l&#8217;effigie d&#8217;Érasme : Imago Erasmi Roterodami ab Alberto Durero ad vivam effigiem deliniata. Il a aussi écrit dessus : ΤΗΝ . ΚΡΕΙΤΤΩ . ΤΑ . ΣΥΝΓΡΑΜΜΑΤΑ . ΔΕΙΞΕΙ (ses écrits montrent sa meilleure image). La devise de mon voyage peut donc être : ΤΗΝ . ἈΡΙΣΤΗΝ . ὉΙ . ΜΑΘΗΤΑΙ . ΔΕΙΞΟΥΣΙΝ (ses pupilles montrent sa meilleure image).</p>



<p>Les élèves de Gymnase érasmien à Rotterdam ont leur propre chanson avec des paroles en latin et en grec, dans laquelle ils affirment être Erasmi alumni, Ἐρασμοῦ μαθηταί.</p>
</div>
</div>



<p>Curieux d&#8217;apprendre ce que les idées d&#8217;Érasme peuvent signifier pour l&#8217;Europe de ce siècle ? Alors suivez-moi sur mon tour de vélo sur le site ou abonnez-vous à ma newsletter ci-dessous (en néerlandais).</p>

<p>Il y a cinq siècles, Érasme traversait l&#8217;Europe à cheval, d&#8217;abord en tant que tuteur pour les jeunes, puis comme la boussole morale de l&#8217;élite européenne bien élevée : il était l&#8217;avocat de la paix et de la raison, non seulement en paroles mais surtout en actes, ouvrant ainsi la voie à un monde plus&hellip; </p>
<div class="readmore-wrapper"><a href="https://erasmusxxi.eu/index.php/fr/erasme-au-21eme-siecle/" class="more-link">Lees </a></div>
