{"id":1420,"date":"2025-01-14T11:41:53","date_gmt":"2025-01-14T10:41:53","guid":{"rendered":"https:\/\/erasmusxxi.eu\/?page_id=1420"},"modified":"2025-08-23T14:07:35","modified_gmt":"2025-08-23T12:07:35","slug":"erasmo-de-rotterdam","status":"publish","type":"page","link":"https:\/\/erasmusxxi.eu\/index.php\/it\/erasmo-de-rotterdam\/","title":{"rendered":"Erasmo da Rotterdam"},"content":{"rendered":"\n<figure class=\"wp-block-image size-large\"><img loading=\"lazy\" decoding=\"async\" width=\"1024\" height=\"575\" src=\"https:\/\/erasmusxxi.eu\/wp-content\/uploads\/2022\/02\/boeken-1024x575.jpg\" alt=\"\" class=\"wp-image-191\" srcset=\"https:\/\/erasmusxxi.eu\/wp-content\/uploads\/2022\/02\/boeken-1024x575.jpg 1024w, https:\/\/erasmusxxi.eu\/wp-content\/uploads\/2022\/02\/boeken-300x169.jpg 300w, https:\/\/erasmusxxi.eu\/wp-content\/uploads\/2022\/02\/boeken-768x431.jpg 768w, https:\/\/erasmusxxi.eu\/wp-content\/uploads\/2022\/02\/boeken-1536x863.jpg 1536w, https:\/\/erasmusxxi.eu\/wp-content\/uploads\/2022\/02\/boeken-2048x1150.jpg 2048w, https:\/\/erasmusxxi.eu\/wp-content\/uploads\/2022\/02\/boeken-1560x876.jpg 1560w\" sizes=\"auto, (max-width: 1024px) 100vw, 1024px\" \/><\/figure>\n\n\n\n<p>Su Erasmo sono stati pubblicati molti libri e lo stesso Erasmo ha scritto molto. Non intendo aggiungere molto, perch\u00e9 mi interessa l&#8217;eredit\u00e0 che ha lasciato ai suoi studenti. Ma \u00e8 anche utile conoscere Erasmo stesso. Ecco le mie fonti.<\/p>\n\n\n\n<p>Oltre a tutti i tipi di pubblicazioni sulle attivit\u00e0 specifiche di Erasmo, sono state pubblicate molte biografie su di lui. Erasmo stesso ha scritto una breve autobiografia per il suo tempo. Pierre Bayle gli ha dedicato una lunga voce nella sua enciclopedia. Il Dr. Rev. H.J. Toxopeus \u00e8 mio nonno. La mia biografia preferita \u00e8 quella di Zweig (1934), che descrive l&#8217;umanesimo di Erasmo come un impero della pace e della ragione e come foriero di una futura Europa unita nella cultura e nella civilt\u00e0.<\/p>\n\n\n\n<p>Citer\u00f2 alcuni libri che ho letto personalmente (in ordine cronologico):<\/p>\n\n\n\n<ul class=\"wp-block-list\">\n<li>\u00c9rasme (1524) <em>Compendium vitae<\/em><\/li>\n\n\n\n<li>P. Bayle (1697) <em>Erasme <\/em>in <em>Dictionaire historique et critique<\/em><\/li>\n\n\n\n<li>C. Busken Huet (1882) <em>Erasmus <\/em>in <em>Land van Rembrandt<\/em><\/li>\n\n\n\n<li>H.J. Toxopeus (1913) <em>Erasmus<\/em><\/li>\n\n\n\n<li>P.S. Allen (1914) <em>The age of Erasmus<\/em><\/li>\n\n\n\n<li>J. Huizinga (1924) <em>Erasmus<\/em><\/li>\n\n\n\n<li>S. Zweig (1934) <em>Triumph und Tragik des Erasmus von Rotterdam<\/em><\/li>\n\n\n\n<li>M. Bataillon (1937) <em>Erasme et l&#8217;Espagne<\/em><\/li>\n\n\n\n<li>J. et A. Verschoor (1938) <em>Erasmus <\/em>in <em>Erflaters van onze beschaving<\/em><\/li>\n\n\n\n<li>M.A. Nauwelaerts (1969) <em>Erasmus<\/em><\/li>\n\n\n\n<li>L.E. Halkin (1987) <em>Erasme<\/em><\/li>\n\n\n\n<li>S. Langereis (2021) <em>Erasmus dwarsdenker<\/em><\/li>\n<\/ul>\n\n\n\n<p class=\"has-larger-font-size\">Opere di Erasmo<\/p>\n\n\n\n<p>Erasmo sfrutt\u00f2 appieno la nuova tecnica di stampa dei libri. Il suo Compedium vitae (vedi sopra) \u00e8 eccezionalmente conciso. Non ho letto tutto di lui, tutt&#8217;altro, ma ne ho letto (alcune parti):<\/p>\n\n\n\n<ul class=\"wp-block-list\">\n<li>Compendium vitae<\/li>\n\n\n\n<li>Laus stultitiae \/ Elogio della follia<\/li>\n\n\n\n<li>Lettere<\/li>\n\n\n\n<li>Colloquia \/ Colloqui<\/li>\n\n\n\n<li>De civilitate morum puerilium \/ Civilit\u00e0 infantile<\/li>\n\n\n\n<li>Querela pacis \/ Il lamento della pace<\/li>\n\n\n\n<li>Adagia (scl Dulce bellum inexpertis) \/Adagi (tra cui La guerra dolce per chi non la conosce)<\/li>\n\n\n\n<li>De bello Turcis inferendo \/ sulla\u00a0guerra\u00a0contro i\u00a0turchi<\/li>\n\n\n\n<li>Enchiridion militis christiani \/ Nel Pugnale\u00a0del\u00a0soldato\u00a0cristiano<\/li>\n\n\n\n<li>De libero arbitrio \/ Sul libero arbitrio<\/li>\n\n\n\n<li>Paraclesis \/ Introduzione allo studio della Bibbia<\/li>\n\n\n\n<li>Encomium artis medicae \/ Elogio della medicina<\/li>\n<\/ul>\n","protected":false},"excerpt":{"rendered":"<p>Su Erasmo sono stati pubblicati molti libri e lo stesso Erasmo ha scritto molto. Non intendo aggiungere molto, perch\u00e9 mi interessa l&#8217;eredit\u00e0 che ha lasciato ai suoi studenti. Ma \u00e8 anche utile conoscere Erasmo stesso. Ecco le mie fonti. Oltre a tutti i tipi di pubblicazioni sulle attivit\u00e0 specifiche di Erasmo, sono state pubblicate molte&hellip; <\/p>\n<div class=\"readmore-wrapper\"><a href=\"https:\/\/erasmusxxi.eu\/index.php\/it\/erasmo-de-rotterdam\/\" class=\"more-link\">Lees <\/a><\/div>\n","protected":false},"author":1,"featured_media":0,"parent":0,"menu_order":0,"comment_status":"closed","ping_status":"closed","template":"","meta":{"footnotes":""},"class_list":["post-1420","page","type-page","status-publish","hentry"],"_links":{"self":[{"href":"https:\/\/erasmusxxi.eu\/index.php\/wp-json\/wp\/v2\/pages\/1420","targetHints":{"allow":["GET"]}}],"collection":[{"href":"https:\/\/erasmusxxi.eu\/index.php\/wp-json\/wp\/v2\/pages"}],"about":[{"href":"https:\/\/erasmusxxi.eu\/index.php\/wp-json\/wp\/v2\/types\/page"}],"author":[{"embeddable":true,"href":"https:\/\/erasmusxxi.eu\/index.php\/wp-json\/wp\/v2\/users\/1"}],"replies":[{"embeddable":true,"href":"https:\/\/erasmusxxi.eu\/index.php\/wp-json\/wp\/v2\/comments?post=1420"}],"version-history":[{"count":2,"href":"https:\/\/erasmusxxi.eu\/index.php\/wp-json\/wp\/v2\/pages\/1420\/revisions"}],"predecessor-version":[{"id":1575,"href":"https:\/\/erasmusxxi.eu\/index.php\/wp-json\/wp\/v2\/pages\/1420\/revisions\/1575"}],"wp:attachment":[{"href":"https:\/\/erasmusxxi.eu\/index.php\/wp-json\/wp\/v2\/media?parent=1420"}],"curies":[{"name":"wp","href":"https:\/\/api.w.org\/{rel}","templated":true}]}}